 Is a a composite number?
True
Let s = 37503 - 13646. Is s a composite number?
False
Let p = 1843616 - 774273. Is p prime?
False
Suppose -40*z + 4*a = -45*z + 242981, 3*a + 194360 = 4*z. Is z composite?
False
Let w(b) = -b + 11. Let u be w(-3). Suppose 7*y - u*y + 42 = 0. Let q(f) = 16*f**2 - 4*f + 5. Is q(y) a prime number?
True
Let l be 18*(870/(-4))/(-5). Let c be (-8)/(-36) - -9753*(-6)/162. Let h = l + c. Is h a prime number?
False
Let u(t) = -35*t**2 + 3*t**3 - 5*t**3 + 4 + 9*t + 5 + 39*t**2. Let v be u(-5). Suppose 28*q = 26*q + v. Is q a prime number?
True
Suppose 6*v + 39*v + 31*v - 214852 = 0. Is v a composite number?
True
Let m be ((-12)/10)/(11/456830). Is ((-12)/21)/2 + m/(-84) prime?
True
Let k(b) = -b**3 - b**2 - 11*b + 3. Let x = 61 - 59. Let p be (140/14)/(0 - x). Is k(p) a prime number?
False
Suppose 0 = -5*y - h - 5, 8*y - 10 = 3*y + 2*h. Suppose y = 7*s + 3999 - 53930. Is s a composite number?
True
Suppose -5*c + 2 = -18. Let j = c + 77. Suppose 2*a - 22 - 58 = -4*q, -j = -2*a - 5*q. Is a a composite number?
True
Let c be 3/(42/20060) + (-46)/(-322). Let l = -86 + c. Is l a composite number?
True
Suppose 362*x - 42 = 383*x. Let s(h) be the third derivative of -371*h**4/24 + h**3/6 - h**2. Is s(x) a prime number?
True
Suppose o + 842 - 4205 = 2*s, -o - 5*s + 3377 = 0. Let c = o - 2113. Suppose -k - 4*f + c = k, -613 = -k + 5*f. Is k a composite number?
True
Let d be (-22)/(7 + 2 + -10). Suppose d*m - 1546923 = -35*m. Is m composite?
True
Let l = 386509 - -202984. Is l composite?
False
Let j(w) = 14*w**2 + 68*w**2 - 26 - 66*w + 83*w. Is j(-15) composite?
False
Let d(f) = -135*f**3 + 79*f**2 - 22*f + 13. Is d(-17) prime?
True
Suppose -4*c - 768037 = -3*j, 2*c + 90164 = 5*j - 1189921. Is j a composite number?
False
Let i = -11 + 13. Let g be -9 + 7 + 2/i*-2. Is ((-2)/(-4))/(g/(-24)) + 1566 prime?
False
Let z(r) = -44*r**3 - 5*r**2 - 7*r - 27. Let u be z(-6). Suppose 20*f - 23*f = -u. Is f composite?
True
Let k be (-1 - 0)/(-1 + 2). Let v be (-3)/(-1 + 4) + k. Is 86 + 2 + (4 - 2)/v a prime number?
False
Let a = 602984 + -282805. Is a a prime number?
True
Let l(c) = 2*c - 11. Let s be l(8). Suppose 4*u - g = -s*g + 24, 0 = u + 2*g - 1. Suppose -4052 = -u*x + 425. Is x composite?
True
Suppose -2*v = -4*c - 2858402, 58*c + 7146019 = 5*v + 55*c. Is v composite?
True
Suppose 0*v = v - 2*b + 2, -4*v + 4*b - 4 = 0. Suppose v = -5*t + 2*t - 3*k + 10350, 0 = 4*t + k - 13797. Is t a composite number?
False
Let f(s) = 260*s**3 + 9*s - 8. Let u be (6 - -1) + 1 - (-5)/(-1). Is f(u) prime?
True
Let f(a) be the third derivative of 11*a**5/30 - 13*a**4/24 + 47*a**3/3 - 89*a**2. Is f(-17) a composite number?
False
Let h be ((-66)/(-7) + -2)/((-4)/(-14)). Let p = h + -18. Is 1583/2*16/p prime?
True
Is 61/(((-12)/9 + 21012/15786)/(-2)) prime?
False
Let d(r) = -27 - 10 + 9*r - 5*r**2 - 3*r + 64*r**2. Is d(8) a composite number?
True
Let z(n) be the first derivative of -n**3/3 + 3*n**2/2 + 10*n + 9. Let k be z(3). Suppose -6*a - k = -a, -2*a = -3*w + 631. Is w prime?
False
Is ((-10 - 140103 - (-12)/(-4)) + 7)/(-1) a prime number?
False
Let u(z) = -3*z**2 - 4*z + 20993. Suppose 0 = -129*v + 136*v. Is u(v) a composite number?
True
Suppose 122*h - 14805777 = 34911541. Is h a composite number?
True
Suppose 26*a = 12*a + 28. Suppose -a*q + 151 = -627. Is q a composite number?
False
Let r be 12*(-7)/(98/35). Let x(y) = -387*y + 253. Is x(r) composite?
False
Let t(w) = -w**2 + 6*w - 7. Let y be t(3). Suppose 3*x - 12 = 2*c + 16, x - y = -3*c. Is (-74)/x*396/(-9) a composite number?
True
Let k be 15436/16 + (-1)/(-8 + 4). Suppose 957*c = k*c - 83240. Is c prime?
False
Let u(f) = -7*f**3 - 7*f**2 - 8*f - 6. Let r be u(-5). Let m = r - 400. Is m composite?
True
Let u be (-2)/4 + (-110)/4. Let f = 30 + u. Suppose f*k - r - 836 = 274, -4 = -r. Is k a composite number?
False
Suppose 3*i + 1884*r = 1887*r + 706296, r = -3*i + 706324. Is i a composite number?
False
Let r(c) = -104*c + 1. Let g(u) = 311*u - 1. Let d(m) = -2*g(m) - 7*r(m). Let t = -15 + 25. Is d(t) a prime number?
False
Let h = 190 + -190. Suppose 0 = t - k - 6126, h = -3*t - t - 2*k + 24510. Is t a prime number?
False
Suppose 3*k = -5*x + 1561 + 5883, -x - 1 = 0. Is k composite?
True
Let z = -47 - 140. Let f = 273 + z. Is f composite?
True
Let m = 35991 - 20846. Suppose -4*n - 2*r - r + 15151 = 0, 3*r = 4*n - m. Is n composite?
True
Let w(g) = -24*g - 3. Let y = -19 + 17. Let s be w(y). Suppose 3*u = -z + 85, -328 + s = -3*z + 5*u. Is z composite?
True
Suppose 18 + 94 = 5*g - 4*o, 0 = 5*g + 3*o - 91. Suppose 21*d = g*d + 1379. Is d a prime number?
False
Let m = -111 + 17. Suppose 6410 = -52*q + 18630. Let k = q + m. Is k a prime number?
False
Suppose 0*m + 4*m - 129476 = -4*z, -32351 = -z + 5*m. Is z composite?
True
Is -1 + (-5786804)/(-20) + ((-684)/45 - -15) a composite number?
True
Let o(i) = -i**3 - 34*i**2 + 135*i - 71. Is o(-51) a composite number?
True
Is ((-39)/(-3))/91*567231 prime?
False
Is (-17539)/((1/((-12)/(-36)))/(2 + -8)) composite?
True
Let m(p) = 15323*p**2 - p. Let z be m(-1). Suppose -6*g - z = -10*g. Is g a composite number?
True
Let f = -48 - -50. Let p be (f - (-20)/28) + 6/21. Suppose -3611 = -5*j - p*i, 0 = 2*j + 3*j - 3*i - 3599. Is j prime?
False
Let o = -37 - -37. Let k(z) = -z**3 - z**2 - 2*z - 7. Let p be k(o). Let g(j) = -9*j - 28. Is g(p) prime?
False
Let y(k) = -139*k**3 - 16*k**2 + 33*k - 3. Let f be y(-10). Suppose -f - 29389 = -8*a. Is a a composite number?
False
Let y(d) = -1698*d + 72. Let t be y(6). Let f = t + 14342. Is f a composite number?
True
Let f = 34006 - 20211. Suppose f = 34*x - 3*x. Is x composite?
True
Let x = 5279 + -2201. Let n = x - 10100. Let m = n - -10005. Is m a composite number?
True
Let v(y) = 4*y**3 - 14*y**2 + 9*y - 82. Is v(11) prime?
False
Let i = -29 - 138. Let v = 664 + i. Suppose 3*l = -4*q + 6*l + 1984, l + v = q. Is q a composite number?
True
Let u be (2 + -21610)*4/(-8). Is (13/26)/(2/u) a composite number?
True
Let x(f) = 0*f**3 - 40*f + f**3 + 120*f + 40 + 29 - 37*f**2. Is x(35) composite?
False
Let u be (-1386)/12*(28/(-3))/2. Suppose -u = 10*a - 22489. Suppose y = 2*h + 4*y - 878, 5*h - 4*y - a = 0. Is h composite?
False
Suppose -17*r - 394 + 37 = 0. Is 22/(-77) + (-98769)/r a prime number?
True
Let r(v) = v**3 + 6*v + 3. Let q be r(6). Suppose -h + q = m - 130, -5*h - 4*m = -1927. Suppose h = 2*y - 127. Is y prime?
True
Let v be 2/(-4)*(12 + -2). Is (-2)/v*1136390/76 prime?
True
Let v = 38873 + 22254. Is v a composite number?
True
Let f be ((-10)/8)/((-95)/456). Is 14806/33*f/4 composite?
False
Let i(r) = 3*r**3 + 2*r**2 - 3*r + 2. Let y be i(1). Suppose 0 = z + y*z + 5*u - 9225, -3*z - u + 5539 = 0. Is z prime?
True
Suppose -11*i + 5558 = -536. Let v = 1393 - i. Is v composite?
False
Let u be 4/12*-1654 + (-14)/21. Let r = 959 + u. Is r prime?
False
Suppose 3*l = f + 2*f, 0 = -5*l + 15. Suppose 6*j - 15 = -f. Suppose 0 = -2*k + 4*c + 1644, 2*k - j*c + 0*c = 1640. Is k prime?
False
Is 3*(14 + 553722/18) prime?
False
Let i(v) = -v**3 + 40*v**2 - 36*v - 109. Let m be i(39). Is 26662/m*4 - 4 a prime number?
True
Let h(o) = 5*o**2 - 8*o + 14. Let c be h(2). Suppose -c*u + 15186 = -81240. Is u a prime number?
False
Let k = -253477 - -592956. Is k composite?
True
Suppose -18057160 = -72*m - 43*m + 27*m. Is m a prime number?
False
Let m(x) be the second derivative of 209*x**4/24 + 2*x**3/3 + 21*x**2/2 - 12*x. Let d(c) be the first derivative of m(c). Is d(3) prime?
True
Suppose 5*y - 45*a + 47*a = 12375, a + 7436 = 3*y. Is y prime?
True
Let s = 7584 + 30298. Let m = -26201 + s. Is m a prime number?
True
Suppose 0 = -6*m + 1700235 + 88851. Is m a composite number?
True
Suppose 15560195 = 51*d - 12849712. Is d a composite number?
False
Suppose 0 = -5*m - 11 + 36. Suppose -x = -m*x. Suppose x = -10*s + 11*s - 263. Is s a prime number?
True
Let b(t) = 100*t**2 - t + 2. Let o be (-1)/(-3)*(-7 + -5). Let p be (69/(-15) - o)*5. Is b(p) composite?
True
Suppose 24509 = -k + r, 4*k = 2*r - 134987 + 36953. Let j = k - -37959. Is j prime?
True
Let l(b) = b**3 - 8*b**2 + 9*b - 10. Let d be l(7). Suppose 16 = -4*x + 4*g, -4*x - d*g + 5 = -g. Is (x - -2)/((-2878)/(-1438) - 2) a composite number?
False
Let k = 124881 - 21370. Is k a prime num